ivided by g?
1
Suppose n + 6 = 13. What is the remainder when -1 + 0 + 2 + 18 is divided by n?
5
Let l(a) = -a + 14. What is the remainder when l(-15) is divided by 103/7 + (-8)/(-28)?
14
Suppose 3 = 2*k - 5. Let p(c) = 4*c**3 + c + 0*c**3 + 1 - 3*c. What is the remainder when k is divided by p(1)?
1
Suppose 0*n + 2*n - w = -11, 2*w + 5 = -5*n. Suppose 3*z = z + 18. Let f = z + n. Calculate the remainder when 17 is divided by f.
5
Let l be ((-24)/30)/((-1)/5). Suppose 2*w - 4*w = -20. Calculate the remainder when 2/l - (-55)/2 is divided by w.
8
Let x(m) = m**2 - 2*m - 1. Let j = -10 + 13. Calculate the remainder when j is divided by x(3).
1
Suppose 0 = 2*s - 5*p - 152, 4*p - 6*p - 272 = -4*s. Calculate the remainder when s is divided by 17.
15
Let b = -113 - -26. Let g = -54 - b. Calculate the remainder when g is divided by 17.
16
What is the remainder when 90/(0 + 3) - -1 is divided by 11?
9
What is the remainder when 96 is divided by (7/2)/(6/24)?
12
Suppose 3*v + c = -13 + 395, 394 = 3*v - 5*c. Calculate the remainder when v is divided by 43.
42
Let k(b) = -b**3 + b - 7. Let q(v) = -v**3 + 10*v**2 + 7*v - 4. Calculate the remainder when q(10) is divided by k(-3).
15
Suppose y = 2*a + a - 79, 3*y = 15. Let g = -15 + a. Calculate the remainder when ((-57)/2)/(6/(-8)) is divided by g.
12
Let m = 88 + -44. Let k = -18 + 30. What is the remainder when m is divided by k?
8
Let g be 15/(-25) + 723/5. Suppose g = 4*d + 4*z, 5*z + 171 = 5*d - 39. Calculate the remainder when d is divided by 10.
9
Suppose -6*n + 2*i + 35 = -3*n, -3*i = 3*n - 15. Let a = 0 - -16. What is the remainder when a is divided by n?
7
Suppose 0 = -4*h + 5*p + 31, 5*h - 4*p - 56 + 15 = 0. Suppose 2*m + 120 = 5*z, -2*z + 2*m + 32 = -2*m. What is the remainder when z is divided by h?
8
Calculate the remainder when -2 + (-2 - -3) + 18 is divided by 6.
5
Let v = 14 - -21. Calculate the remainder when v is divided by 12.
11
Let s(i) = -i**2 - 6*i + 2. What is the remainder when 41 is divided by s(-3)?
8
Suppose -b = 3*b - 44. Let s = b + -7. Suppose 4*m = -0*m + 4*y + 16, y + 10 = 2*m. What is the remainder when m is divided by s?
2
Suppose -4*z = i - 19, z - 4*z = -6. Calculate the remainder when i is divided by 18/3 - -2 - 1.
4
Let t(d) = d + 4. Let x be t(0). Suppose 0*p + x = 2*p. Let r(j) = j + 8. What is the remainder when r(-5) is divided by p?
1
Suppose 3*j + 3*n = 54, 3*j - 5*n - 39 = 15. What is the remainder when j is divided by 2/((-3)/(60/(-8)))?
3
Let r be (-37)/7 + (-10)/(-35). What is the remainder when (-171)/r - (-2)/(-10) is divided by 12?
10
Suppose 3*k + 0 - 13 = 4*c, 4*c = -3*k + 29. Let a(o) = o**3 - 2*o**2 - 3*o + 2. What is the remainder when k is divided by a(3)?
1
Let r be 1 + (-2 - -1 - -4). Suppose r*g - 235 = 217. What is the remainder when g is divided by 29?
26
Let x = 164 + -117. Let i(n) = -n**3 - 4*n**2 - n + 2. Let r be i(-4). What is the remainder when x is divided by (2 + 0)*(2 + r)?
15
Suppose 0 = -h + 2 - 0. Suppose i = -h*i. Suppose s + 3*q - 8 = i, 0 = -2*s + s - 5*q + 6. What is the remainder when 21 is divided by s?
10
Let u(j) = 3*j**3 + 3*j - 2. Let o be u(2). Let r = 46 - o. What is the remainder when 35 is divided by r?
17
Let k = -10 + 10. Let a = k - 0. Suppose 4*c + a*c - 28 = 0. What is the remainder when 27 is divided by c?
6
Let d(v) = -v**2 + 18*v + 1. What is the remainder when d(10) is divided by 28?
25
Let k = 43 + -24. What is the remainder when k is divided by 189/28 + (-2)/(-8)?
5
Let a be (1 - 0/2) + 2. Suppose 0 = f + 9 - a. Let q = 9 + f. Calculate the remainder when 4 is divided by q.
1
Let n(f) = f**2 + f. Let x be n(2). Suppose 5*p + 1 - x = 0. Calculate the remainder when p is divided by 1.
0
Suppose -3*c + 8 = -4. Suppose -3 = -5*p + 2*o + 1, 0 = p + 3*o + 6. Suppose 3*l - 16 - 2 = p. What is the remainder when l is divided by c?
2
Let p(d) = 8*d + 1. Let o = 1 - 0. Let c be p(o). Suppose -c = h - 5*z, -3*h + 4*z + 11 + 6 = 0. What is the remainder when 21 is divided by h?
10
Let h be 9 + -2 + (1 - 3). Calculate the remainder when 34 is divided by (-12 + h)*2/(-2).
6
Let m = 34 + -5. What is the remainder when 57 is divided by m?
28
Let x be (-7)/(-2) + (-4)/8. Suppose 0 = -4*p - x*r + 15, -r + 42 = 5*p - 5*r. Calculate the remainder when 23 is divided by p.
5
Suppose -5*y - 5*b + 15 = -0*b, 2*b - 18 = -5*y. Calculate the remainder when 18 is divided by (1 + y)*(-2)/(-2).
3
Let z be -1 + 1/(3/18). Suppose -2*t = 2*m - z - 3, -2*m = 5*t + 7. Let w(i) = i**3 + 4*i**2 + 3*i + 3. Calculate the remainder when m is divided by w(-3).
0
Let w = 5 - 7. Let u(d) be the second derivative of d**4/12 - d**3/6 - d**2/2 + d. What is the remainder when 8 is divided by u(w)?
3
Let j = 1 - -2. Suppose 4*q = j*q + 15. Calculate the remainder when 81*((-24)/9 + 3) is divided by q.
12
Let x be 22/2 + -1 - -1. Let v(n) = 2*n - 6. Let c be v(16). Let a = c - x. Calculate the remainder when 28 is divided by a.
13
Suppose -4*q = -0*q - 116. Let r(p) = -3*p + 1. What is the remainder when q is divided by r(-3)?
9
Suppose 5*d = 30 + 20. Calculate the remainder when (0/2 - 1) + 30 is divided by d.
9
Suppose -3*o = -3*q + o - 17, o = -q + 6. Suppose y - 2 = q, -2*y = -3*s + 9. What is the remainder when 9 is divided by s?
4
Let y = -114 + 172. Suppose 0 = 2*o + 16 - y. What is the remainder when o is divided by 11?
10
Let w be 7/7 + 2/2. Let r = w - -4. Calculate the remainder when (-2 + 2 + 9)/1 is divided by r.
3
Suppose -25 = 5*t, 0*t + 59 = 2*v + 5*t. Let a = -3 + 18. What is the remainder when v is divided by a?
12
Suppose 5*x - 170 = 25. Suppose -5*i = -4*i - 3*n - 7, -i - 4*n = 14. What is the remainder when x is divided by (-100)/(-7) + i/7?
11
Let r(a) = a + 2. What is the remainder when (15/(-6))/((-2)/12) is divided by r(2)?
3
Let m(x) = 59*x - 1. What is the remainder when m(1) is divided by 31?
27
What is the remainder when 51/(-8) - -6 - (-550)/16 is divided by 20?
14
Suppose 0*x = -4*x. Suppose x = -2*u + u + 7. What is the remainder when ((-2)/(-3))/((-2)/(-36)) is divided by u?
5
Let d(v) = v**3 - 8*v**2 - 7*v - 2. Let k(g) = g**3 + 3*g**2 - 2*g + 1. Let r be k(-2). Calculate the remainder when 61 is divided by d(r).
13
Suppose 8*z = -z + 162. What is the remainder when z is divided by 11?
7
Suppose 0 = 7*x - 9*x + 30. What is the remainder when 42 is divided by x?
12
Suppose -12 = 4*m - m + n, 0 = -m - 5*n - 18. Let b = 0 - m. Calculate the remainder when b is divided by 1.
0
What is the remainder when 99/5 + 1/5 is divided by 11?
9
Let g(t) = -t**3 - 6*t**2 - t + 3. Let n = 0 + -6. Let d(a) = -14*a + 45. What is the remainder when g(n) is divided by d(3)?
0
Let r(l) = l**3 - 8*l**2 + 8*l - 3. Let i be r(7). Suppose 0 = -i*s + 2*s + 10. What is the remainder when 9 is divided by s?
4
Suppose 5*o - 33 = -3*m + 2*m, -5*o = -2*m + 36. Let i(h) = -3*h + 1. What is the remainder when m is divided by i(-4)?
10
Suppose 33 = 2*d - 35. What is the remainder when d is divided by 9?
7
Suppose 4*z + 2*y = 132, y + 1 - 3 = 0. What is the remainder when z is divided by 7?
4
Let w = -15 + 31. Calculate the remainder when 46 is divided by w.
14
Let w(x) = 4*x - 3. Let s(b) = -23*b**2 - 6*b - 4. Let z be s(-4). What is the remainder when 8/28 + z/(-7) is divided by w(5)?
16
Suppose 2*l = -2*l + 44. Let q be (-16 - 4)*(-2)/5. Let b(y) = -y**3 + 8*y**2 + 3*y + 7. Calculate the remainder when b(q) is divided by l.
9
Suppose 24*h = 25*h - 67. What is the remainder when h is divided by 14?
11
Let p = -4 + 12. Let r = p - 3. What is the remainder when 7 is divided by r?
2
Suppose 4*v = -0*v - 12. Let l = v + 6. Suppose -t - l*i + 35 = 0, -5*t + 4*i + 57 = -42. What is the remainder when t is divided by 8?
7
Suppose -4*i = -5*r - 157, i - 4*i - r + 113 = 0. Calculate the remainder when 150 is divided by i.
36
Let b(s) = s - 5. Let t be b(5). Suppose -6*k + 9*k + 3 = t. Let f = k - -6. Calculate the remainder when f is divided by 3.
2
Calculate the remainder when (-2)/(0 + -2)*(52 - 27) is divided by 14.
11
Suppose 5*k + 28 = 63. What is the remainder when 18 is divided by k?
4
Suppose 5*u + 2 - 27 = -z, 0 = 2*z + 2*u - 26. What is the remainder when z is divided by 4?
2
Let v be 4/(-3)*(-156)/8. Let g = -13 + v. Suppose 0 = -4*o + 10 + 10. Wh